 the remainder when 49 is divided by 41?
8
What is the remainder when 1291 is divided by 969?
322
Calculate the remainder when 1907 is divided by 534.
305
What is the remainder when 1906 is divided by 92?
66
What is the remainder when 2172 is divided by 527?
64
Calculate the remainder when 2218 is divided by 433.
53
Calculate the remainder when 3695 is divided by 923.
3
Calculate the remainder when 11270 is divided by 62.
48
Calculate the remainder when 6315 is divided by 3151.
13
What is the remainder when 110144 is divided by 55072?
0
What is the remainder when 20875 is divided by 13?
10
Calculate the remainder when 56946 is divided by 93.
30
What is the remainder when 30737 is divided by 4391?
0
What is the remainder when 27301 is divided by 333?
328
Calculate the remainder when 15147 is divided by 134.
5
What is the remainder when 222652 is divided by 1142?
1104
What is the remainder when 7441 is divided by 220?
181
What is the remainder when 1547 is divided by 396?
359
Calculate the remainder when 94284 is divided by 536.
484
Calculate the remainder when 11046137 is divided by 83.
82
What is the remainder when 148958 is divided by 64?
30
What is the remainder when 15626 is divided by 57?
8
Calculate the remainder when 2121457 is divided by 447.
442
Calculate the remainder when 29515 is divided by 5.
0
Calculate the remainder when 36879 is divided by 2458.
9
What is the remainder when 306 is divided by 280?
26
Calculate the remainder when 60260 is divided by 18.
14
Calculate the remainder when 22146 is divided by 19.
11
What is the remainder when 100284 is divided by 100266?
18
Calculate the remainder when 91 is divided by 36.
19
Calculate the remainder when 309346 is divided by 103109.
19
What is the remainder when 2978 is divided by 531?
323
What is the remainder when 22514 is divided by 333?
203
Calculate the remainder when 983 is divided by 187.
48
What is the remainder when 290786 is divided by 95?
86
What is the remainder when 1350777 is divided by 6?
3
Calculate the remainder when 110719 is divided by 13.
11
Calculate the remainder when 14615 is divided by 42.
41
Calculate the remainder when 557081 is divided by 557072.
9
Calculate the remainder when 52426 is divided by 3495.
1
Calculate the remainder when 41124 is divided by 1468.
20
What is the remainder when 1699 is divided by 1687?
12
Calculate the remainder when 940203 is divided by 470100.
3
Calculate the remainder when 1314335 is divided by 18.
11
Calculate the remainder when 60800 is divided by 202.
200
What is the remainder when 201974 is divided by 128?
118
Calculate the remainder when 58 is divided by 10.
8
Calculate the remainder when 1169 is divided by 62.
53
Calculate the remainder when 22712 is divided by 60.
32
What is the remainder when 1061 is divided by 189?
116
What is the remainder when 173102 is divided by 326?
322
What is the remainder when 5659 is divided by 1123?
44
What is the remainder when 31767 is divided by 90?
87
Calculate the remainder when 108491 is divided by 1233.
1220
What is the remainder when 15497 is divided by 224?
41
What is the remainder when 3837 is divided by 956?
13
What is the remainder when 5334944 is divided by 93?
92
Calculate the remainder when 2842 is divided by 236.
10
Calculate the remainder when 1253835 is divided by 668.
667
What is the remainder when 26726 is divided by 8761?
443
Calculate the remainder when 7349417 is divided by 46.
43
What is the remainder when 17924 is divided by 128?
4
What is the remainder when 8854 is divided by 62?
50
Calculate the remainder when 33944 is divided by 14.
8
What is the remainder when 4029 is divided by 190?
39
Calculate the remainder when 10004 is divided by 571.
297
What is the remainder when 1419178 is divided by 10?
8
Calculate the remainder when 556 is divided by 387.
169
Calculate the remainder when 358050 is divided by 71.
68
Calculate the remainder when 3590 is divided by 88.
70
What is the remainder when 33367 is divided by 162?
157
What is the remainder when 60601 is divided by 44?
13
Calculate the remainder when 560 is divided by 521.
39
Calculate the remainder when 27887 is divided by 107.
67
Calculate the remainder when 18220 is divided by 91.
20
What is the remainder when 150719 is divided by 44?
19
What is the remainder when 428977 is divided by 428962?
15
Calculate the remainder when 15527 is divided by 431.
11
What is the remainder when 3984 is divided by 1973?
38
Calculate the remainder when 2503 is divided by 43.
9
What is the remainder when 49693 is divided by 54?
13
Calculate the remainder when 37822 is divided by 12603.
13
What is the remainder when 7947732 is divided by 15?
12
What is the remainder when 26796 is divided by 958?
930
Calculate the remainder when 117069 is divided by 922.
897
What is the remainder when 542871 is divided by 248?
247
Calculate the remainder when 12450 is divided by 618.
90
What is the remainder when 3251 is divided by 28?
3
What is the remainder when 9899 is divided by 9887?
12
What is the remainder when 7572 is divided by 25?
22
What is the remainder when 49196 is divided by 3507?
98
What is the remainder when 81863 is divided by 1260?
1223
What is the remainder when 10935 is divided by 258?
99
What is the remainder when 2537 is divided by 1032?
473
Calculate the remainder when 8591 is divided by 232.
7
Calculate the remainder when 80540 is divided by 60.
20
Calculate the remainder when 243194 is divided by 38.
32
What is the remainder when 280642 is divided by 156?
154
What is the remainder when 736294 is divided by 92035?
14
What is the remainder when 10916 is divided by 2728?
4
What is the remainder when 43287 is divided by 21625?
37
Calculate the remainder when 5634 is divided by 1106.
104
Calculate the remainder when 3105 is divided by 1335.
435
What is the remainder when 116860 is divided by 1328?
1324
Calculate the remainder when 6977 is divided by 2318.
23
Calculate the remainder when 194032 is divided by 48500.
32
What is the remainder when 28324 is divided by 19?
14
What is the remainder when 22147 is divided by 1699?
60
What is the remainder when 42506 is divided by 28?
2
Calculate the remainder when 13595 is divided by 252.
239
What is the remainder when 27824 is divided by 2779?
34
What is the remainder when 6804508 is divided by 10?
8
Calculate the remainder when 67348 is divided by 9620.
8
What is the remainder when 1545 is divided by 191?
17
Calculate the remainder when 271162 is divided by 383.
381
Calculate the remainder when 750 is divided by 239.
33
Calculate the remainder when 5199 is divided by 20.
19
What is the remainder when 18351 is divided by 78?
21
Calculate the remainder when 1692 is divided by 122.
106
What is the remainder when 223 is divided by 159?
64
What is the remainder when 46089 is divided by 130?
69
Calculate the remainder when 376266 is divided by 109.
107
What is the remainder when 863 is divided by 797?
66
What is the remainder when 1430276 is divided by 713?
711
What is the remainder when 7161 is divided by 193?
20
What is the remainder when 21185 is divided by 11?
10
Calculate the remainder when 7843 is divided by 19.
15
Calculate the remainder when 4933 is divided by 614.
21
What is the remainder when 6508 is divided by 6487?
21
Calculate the remainder when 55378 is divided by 78.
76
What is the remainder when 27911 is divided by 607?
596
What is the remainder when 296645 is divided by 457?
52
What is the remainder when 5029 is divided by 998?
39
What is the remainder when 7395 is divided by 142?
11
What is the remainder when 20680 is divided by 383?
381
Calculate the remainder when 39686 is divided by 80.
6
Calculate the remainder when 21893 is divided by 17.
14
What is the remainder when 46362 is divided by 1159?
2
Calculate the remainder when 8303 is divided by 828.
23
Calculate the remainder when 27015 is divided by 69.
36
Calculate the remainder when 35454 is divided by 8753.
442
What is the remainder when 2532 is divided by 24?
12
Calculate the remainder when 6883 is divided by 2132.
487
What is the remainder when 25882 is divided by 18?
16
What is the remainder when 27655 is divided by 44?
23
Calculate the remainder when 93250 is divided by 248.
2
What is the remainder when 1345 is 